{"id":18819,"date":"2015-04-27T14:55:21","date_gmt":"2015-04-27T13:55:21","guid":{"rendered":"http:\/\/www.pronostitalia.com\/news\/?page_id=18819"},"modified":"2019-07-09T08:22:50","modified_gmt":"2019-07-09T07:22:50","slug":"pronostici-europa-league","status":"publish","type":"page","link":"https:\/\/www.pronostitalia.com\/news\/pronostici-europa-league\/","title":{"rendered":"Pronostici Europa League"},"content":{"rendered":"\t\t<div data-elementor-type=\"wp-page\" data-elementor-id=\"18819\" class=\"elementor elementor-18819 elementor-bc-flex-widget\">\n\t\t\t\t\t\t<section class=\"elementor-section elementor-top-section elementor-element elementor-element-988bffd elementor-section-boxed elementor-section-height-default elementor-section-height-default\" data-id=\"988bffd\" data-element_type=\"section\">\n\t\t\t\t\t\t<div class=\"elementor-container elementor-column-gap-default\">\n\t\t\t\t\t<div class=\"elementor-column elementor-col-100 elementor-top-column elementor-element elementor-element-560e951\" data-id=\"560e951\" data-element_type=\"column\">\n\t\t\t<div class=\"elementor-widget-wrap elementor-element-populated\">\n\t\t\t\t\t\t<div class=\"elementor-element elementor-element-781a4c0 elementor-widget elementor-widget-wp-widget-recent-posts-widget-with-thumbnails\" data-id=\"781a4c0\" data-element_type=\"widget\" data-widget_type=\"wp-widget-recent-posts-widget-with-thumbnails.default\">\n\t\t\t\t<div class=\"elementor-widget-container\">\n\t\t\t\t\t\n<div id=\"rpwwt-wp-widget-recent-posts-widget-with-thumbnails\" class=\"rpwwt-widget\">\r\n\t<ul>\r\n\t\t<li><a href=\"https:\/\/www.pronostitalia.com\/news\/21450-pronostico-chelsea-arsenal-del-29-maggio-2019\/\" target=\"_blank\"><img decoding=\"async\" width=\"75\" height=\"70\" src=\"https:\/\/www.pronostitalia.com\/news\/wp-content\/uploads\/PronosticiEuropaLeague-150x139.png\" class=\"attachment-75x75 size-75x75\" alt=\"Pronostici Europa League\" \/><span class=\"rpwwt-post-title\">Pronostico Chelsea &#8211; Arsenal del 29 maggio 2019<\/span><\/a><div class=\"rpwwt-post-excerpt\">Nell\u2019inedito scenario di Baku, capitale dell\u2019Azerbaijan, si assegna l\u2019Europa League nella finale che vedr\u00e0 di fronte il Chelsea e l\u2019Arsenal, in un derby tutto inglese. Il dominio europeo del calcio britannico in questa stagione, come confermato anche dalla finale di Champions League che disputeranno Liverpool e Tottenham, espone al Vecchio Continente il derby di Londra valido per un trofeo prestigioso come l\u2019Europa League. Si tratta di un appuntamento importante per entrambe le squadre che sin dall\u2019inizio erano annoverate tra le principali favorite per alzare al cielo il trofeo che una volta veniva chiamato Coppa Uefa.<span class=\"rpwwt-post-excerpt-more\"> [\u2026]<\/span><\/div><\/li>\r\n\t\t<li><a href=\"https:\/\/www.pronostitalia.com\/news\/21438-pronostici-europa-league-del-9-maggio-2019\/\" target=\"_blank\"><img decoding=\"async\" width=\"75\" height=\"70\" src=\"https:\/\/www.pronostitalia.com\/news\/wp-content\/uploads\/PronosticiEuropaLeague-150x139.png\" class=\"attachment-75x75 size-75x75\" alt=\"Pronostici Europa League\" \/><span class=\"rpwwt-post-title\">Pronostici Europa League del 9 maggio 2019<\/span><\/a><div class=\"rpwwt-post-excerpt\">Ultimi 90 minuti per centrare la finale di Baku in Europa League con quattro squadre pronte a darsi battaglia fino alla fine nelle due semifinali di ritorno. A Stamford Bridge il Chelsea, dopo aver conquistato in Premier qualche giorno fa la certezza aritmetica di giocare la prossima Champions, cercher\u00e0 di far fruttare al meglio il piccolo vantaggio dell\u2019andata derivante dall\u20191-1 ottenuto sul campo dell\u2019Eintracht Francoforte. Vantaggio pi\u00f9 ampio invece per l\u2019altra inglese in corsa, l\u2019Arsenal che va sul campo del Valencia a difendere il 3-1 casalingo conquistato a Londra una settimana fa. Un risultato che non mette per\u00f2 i Gunners al riparo, ma che costringe comunque il Valencia a dover <span class=\"rpwwt-post-excerpt-more\"> [\u2026]<\/span><\/div><\/li>\r\n\t\t<li><a href=\"https:\/\/www.pronostitalia.com\/news\/21427-pronostici-europa-league-del-2-maggio-2019\/\" target=\"_blank\"><img decoding=\"async\" width=\"75\" height=\"70\" src=\"https:\/\/www.pronostitalia.com\/news\/wp-content\/uploads\/PronosticiEuropaLeague-150x139.png\" class=\"attachment-75x75 size-75x75\" alt=\"Pronostici Europa League\" \/><span class=\"rpwwt-post-title\">Pronostici Europa League del 2 maggio 2019<\/span><\/a><div class=\"rpwwt-post-excerpt\">L\u2019Europa League entra nelle fasi conclusive con le semifinali. Cos\u00ec come in Champions, dove la Juventus \u00e8 uscita ai quarti di finale, anche in Europa League tra le quattro squadre rimaste in corsa non c\u2019\u00e8 nessuna italiana. Il Napoli si \u00e8 fermato ai quarti, eliminato dall\u2019Arsenal. I Gunners puntano alla finale affrontando gli spagnoli del Valencia che nel turno precedente hanno avuto la meglio sul Villareal. Dall\u2019altra parte del tabellone c\u2019\u00e8 un\u2019altra inglese, il Chelsea che ai quarti, con qualche brivido di troppo, si \u00e8 sbarazzato dello Slavia Praga. I Blues affrontano in semifinale i tedeschi dell\u2019Eintracht Francoforte che, dopo aver fatto fuori l\u2019Inter, ai quarti hanno eliminato il <span class=\"rpwwt-post-excerpt-more\"> [\u2026]<\/span><\/div><\/li>\r\n\t\t<li><a href=\"https:\/\/www.pronostitalia.com\/news\/21409-pronostici-europa-league-del-18-aprile-2019\/\" target=\"_blank\"><img decoding=\"async\" width=\"75\" height=\"70\" src=\"https:\/\/www.pronostitalia.com\/news\/wp-content\/uploads\/PronosticiEuropaLeague-150x139.png\" class=\"attachment-75x75 size-75x75\" alt=\"Pronostici Europa League\" \/><span class=\"rpwwt-post-title\">Pronostici Europa League del 18 aprile 2019<\/span><\/a><div class=\"rpwwt-post-excerpt\">In Europa League \u00e8 il momento dei verdetti che ci daranno i nomi delle quattro semifinaliste. L\u2019unica italiana rimasta in corsa in Europa, dopo l\u2019eliminazione della Juventus in Champions per mano dell\u2019Ajax, \u00e8 il Napoli, chiamato ad una rimonta complicata contro l\u2019Arsenal dopo la sconfitta per 2-0 dell\u2019andata. Necessit\u00e0 di ribaltare il risultato anche per l\u2019Eintracht di Francoforte che ospita il Benfica dopo la sconfitta subita in Portogallo per 4-2. Qualificazione al turno successo in vista invece per il Chelsea, che parte dal successo per 0-1 contro lo Slavia Praga, e per il Valencia, dopo la vittoria per 1-3 sul campo del Villareal.<span class=\"rpwwt-post-excerpt-more\"> [\u2026]<\/span><\/div><\/li>\r\n\t\t<li><a href=\"https:\/\/www.pronostitalia.com\/news\/21398-pronostici-europa-league-dell11-aprile-2019\/\" target=\"_blank\"><img decoding=\"async\" width=\"75\" height=\"70\" src=\"https:\/\/www.pronostitalia.com\/news\/wp-content\/uploads\/PronosticiEuropaLeague-150x139.png\" class=\"attachment-75x75 size-75x75\" alt=\"Pronostici Europa League\" \/><span class=\"rpwwt-post-title\">Pronostici Europa League dell\u201911 aprile 2019<\/span><\/a><div class=\"rpwwt-post-excerpt\">Nei quarti di Europa League \u00e8 impegnata una sola squadra italiana, il Napoli, che sfida l\u2019Arsenal in uno scontro fra due delle pretendenti per la vittoria finale. Gli uomini di Ancelotti proveranno a fare un buon risultato a Londra all\u2019andata per poi giocarsi tutto al San Paolo di fronte al proprio pubblico. L\u2019altra favorita per la conquista del trofeo, il Chelsea, se la vedr\u00e0 con lo Slavia Praga. Mentre le sfide tra Benfica e Eintracht Francoforte ed il derby spagnolo tra Villareal e Valencia completano il quadro dei quarti.<span class=\"rpwwt-post-excerpt-more\"> [\u2026]<\/span><\/div><\/li>\r\n\t\t<li><a href=\"https:\/\/www.pronostitalia.com\/news\/21372-pronostici-europa-league-del-14-marzo-2019\/\" target=\"_blank\"><img decoding=\"async\" width=\"75\" height=\"70\" src=\"https:\/\/www.pronostitalia.com\/news\/wp-content\/uploads\/PronosticiEuropaLeague-150x139.png\" class=\"attachment-75x75 size-75x75\" alt=\"Pronostici Europa League\" \/><span class=\"rpwwt-post-title\">Pronostici Europa League del 14 marzo 2019<\/span><\/a><div class=\"rpwwt-post-excerpt\">Caccia ai quarti di finale in Europa League. L\u2019obiettivo qualificazione \u00e8 ormai quasi centrato dal Napoli dopo il rotondo successo per 3-0 al San Paolo contro il Salisburgo. Gli uomini di Ancelotti vanno in Austria con un ampio vantaggio. Dovr\u00e0 invece sudarsi sul campo il passaggio del turno l\u2019Inter che, dopo lo 0-0 dell\u2019andata contro l\u2019Eintracht Francoforte, ospita i tedeschi a San Siro dove \u00e8 obbligata a centrare la vittoria. Tra le altre squadre impegnate negli ottavi \u00e8 chiamata alla rimonta l\u2019Arsenal che in casa deve ribaltare la sconfitta per 3-1 subita una settimana fa in Francia col Rennes.<span class=\"rpwwt-post-excerpt-more\"> [\u2026]<\/span><\/div><\/li>\r\n\t\t<li><a href=\"https:\/\/www.pronostitalia.com\/news\/21362-pronostici-europa-league-del-7-marzo-2019\/\" target=\"_blank\"><img decoding=\"async\" width=\"75\" height=\"70\" src=\"https:\/\/www.pronostitalia.com\/news\/wp-content\/uploads\/PronosticiEuropaLeague-150x139.png\" class=\"attachment-75x75 size-75x75\" alt=\"Pronostici Europa League\" \/><span class=\"rpwwt-post-title\">Pronostici Europa League del 7 marzo 2019<\/span><\/a><div class=\"rpwwt-post-excerpt\">Con la Lazio eliminata dal Siviglia nei sedicesimi, sono due le squadre italiane che approdano agli ottavi dell\u2019Europa League. Parliamo di Inter e Napoli. I nerazzurri affrontano i pericolosi tedeschi dell\u2019Eintracht Francoforte che nella fase a gironi della competizione hanno dimostrato il proprio valore anche contro la Lazio. Avversario da prendere con le pinze anche per il Napoli che se la dovr\u00e0 vedere con il Salisburgo nel doppio confronto che porta ai quarti. Le altre favorite dell\u2019Europa League hanno impegni non proibitivi: il Chelsea affronta la Dynamo Kiev, l\u2019Arsenal sfida il Rennes e il Siviglia gioca con lo Slavia Praga.<span class=\"rpwwt-post-excerpt-more\"> [\u2026]<\/span><\/div><\/li>\r\n\t\t<li><a href=\"https:\/\/www.pronostitalia.com\/news\/21342-pronostici-europa-league-del-21-febbraio-2019\/\" target=\"_blank\"><img decoding=\"async\" width=\"75\" height=\"70\" src=\"https:\/\/www.pronostitalia.com\/news\/wp-content\/uploads\/PronosticiEuropaLeague-150x139.png\" class=\"attachment-75x75 size-75x75\" alt=\"Pronostici Europa League\" \/><span class=\"rpwwt-post-title\">Pronostici Europa League del 21 febbraio 2019<\/span><\/a><div class=\"rpwwt-post-excerpt\">Dopo i primi 90 minuti dei sedicesimi di finale \u00e8 il momento della resa dei conti in Europa League per le 32 squadre rimaste in corsa. Per quanto riguarda le italiane quella messa peggio \u00e8 la Lazio che, dopo aver perso in casa per 0-1 col Siviglia, \u00e8 obbligata a tentare di ribaltare il risultato sul campo della squadra andalusa. Situazione decisamente migliore invece per l\u2019Inter che nella sfida casalinga contro gli austriaci del Rapid Vienna parte dalla vittoria per 0-1 ottenuto in trasferta una settimana fa. Qualificazione agli ottavi gi\u00e0 quasi in tasca anche per il Napoli che al San Paolo ospita lo Zurigo ad una settimana di distanza dal successo dei partenopei per 1-3 in Svizzera.<span class=\"rpwwt-post-excerpt-more\"> [\u2026]<\/span><\/div><\/li>\r\n\t\t<li><a href=\"https:\/\/www.pronostitalia.com\/news\/21333-pronostici-europa-league-del-14-febbraio-2019\/\" target=\"_blank\"><img decoding=\"async\" width=\"75\" height=\"70\" src=\"https:\/\/www.pronostitalia.com\/news\/wp-content\/uploads\/PronosticiEuropaLeague-150x139.png\" class=\"attachment-75x75 size-75x75\" alt=\"Pronostici Europa League\" \/><span class=\"rpwwt-post-title\">Pronostici Europa League del 14 febbraio 2019<\/span><\/a><div class=\"rpwwt-post-excerpt\">Si torna a giocare in Europa League con le gare dei sedicesimi di finale che vedono impegnate tre squadre italiane. Oltre alla Lazio che si \u00e8 conquistata il passaggio del turno nella fase a gironi, esordiscono nella competizione il Napoli e l\u2019Inter, entrambe retrocesse dalla Champions dove sono arrivate terze nei rispettivi gironi. La Lazio ospita il Siviglia, in quello che \u00e8 l\u2019impegno pi\u00f9 ostico per le nostre squadre. I biancocelesti affrontano una squadra capace di vincere questa competizione pi\u00f9 volte negli ultimi anni. Match sulla carta pi\u00f9 agevoli invece per Inter e Napoli, con i nerazzurri che se la vedranno contro gli austriaci del Rapid Vienna, mentre la squadra di Ancelotti <span class=\"rpwwt-post-excerpt-more\"> [\u2026]<\/span><\/div><\/li>\r\n\t\t<li><a href=\"https:\/\/www.pronostitalia.com\/news\/21274-pronostici-europa-league-del-13-dicembre-2018\/\" target=\"_blank\"><img decoding=\"async\" width=\"75\" height=\"70\" src=\"https:\/\/www.pronostitalia.com\/news\/wp-content\/uploads\/PronosticiEuropaLeague-150x139.png\" class=\"attachment-75x75 size-75x75\" alt=\"Pronostici Europa League\" \/><span class=\"rpwwt-post-title\">Pronostici Europa League del 13 dicembre 2018<\/span><\/a><div class=\"rpwwt-post-excerpt\">Ultima e decisiva giornata dei gironi di Europa League, nella quale arriveranno i verdetti definitivi sulle squadre che otterranno il pass ai sedicesimi di finale. Nel prossimo turno di Europa League l\u2019Italia schierer\u00e0 anche Napoli e Inter, appena retrocesse dalla Champions dove hanno chiuso i rispettivi gironi al terzo posto. Mentre la Lazio \u00e8 gi\u00e0 da tempo certa del passaggio del turno, sar\u00e0 il Milan in questi ultimi 90 minuti del girone a giocarsi la qualificazione. Sul complicato campo dell\u2019Olympiakos la squadra di Gattuso ha a disposizione due risultati su tre avendo sui greci 3 punti di vantaggio in classifica nel girone. A caccia dell\u2019accesso ai sedicesimi ci sono tra le altre anche <span class=\"rpwwt-post-excerpt-more\"> [\u2026]<\/span><\/div><\/li>\r\n\t<\/ul>\r\n<\/div><!-- .rpwwt-widget -->\r\n\t\t\t\t<\/div>\n\t\t\t\t<\/div>\n\t\t\t\t\t<\/div>\n\t\t<\/div>\n\t\t\t\t\t<\/div>\n\t\t<\/section>\n\t\t\t\t<\/div>\n\t\t","protected":false},"excerpt":{"rendered":"","protected":false},"author":2,"featured_media":0,"parent":0,"menu_order":0,"comment_status":"open","ping_status":"open","template":"","meta":{"generate_page_header":"","footnotes":""},"class_list":["post-18819","page","type-page","status-publish","hentry"],"_links":{"self":[{"href":"https:\/\/www.pronostitalia.com\/news\/wp-json\/wp\/v2\/pages\/18819","targetHints":{"allow":["GET"]}}],"collection":[{"href":"https:\/\/www.pronostitalia.com\/news\/wp-json\/wp\/v2\/pages"}],"about":[{"href":"https:\/\/www.pronostitalia.com\/news\/wp-json\/wp\/v2\/types\/page"}],"author":[{"embeddable":true,"href":"https:\/\/www.pronostitalia.com\/news\/wp-json\/wp\/v2\/users\/2"}],"replies":[{"embeddable":true,"href":"https:\/\/www.pronostitalia.com\/news\/wp-json\/wp\/v2\/comments?post=18819"}],"version-history":[{"count":4,"href":"https:\/\/www.pronostitalia.com\/news\/wp-json\/wp\/v2\/pages\/18819\/revisions"}],"predecessor-version":[{"id":20750,"href":"https:\/\/www.pronostitalia.com\/news\/wp-json\/wp\/v2\/pages\/18819\/revisions\/20750"}],"wp:attachment":[{"href":"https:\/\/www.pronostitalia.com\/news\/wp-json\/wp\/v2\/media?parent=18819"}],"curies":[{"name":"wp","href":"https:\/\/api.w.org\/{rel}","templated":true}]}}